at is the greatest common divisor of 77 and 143?
11
What is the highest common factor of 6 and 320?
2
What is the highest common divisor of 50 and 10?
10
Calculate the greatest common factor of 68 and 255.
17
Calculate the greatest common factor of 144 and 414.
18
What is the highest common factor of 4205 and 58?
29
What is the highest common divisor of 90 and 20?
10
Calculate the greatest common factor of 30 and 30.
30
Calculate the highest common divisor of 6369 and 66.
33
Calculate the greatest common divisor of 3595 and 15.
5
What is the highest common divisor of 1872 and 2223?
117
What is the greatest common divisor of 45996 and 12?
12
What is the highest common divisor of 483 and 69?
69
What is the highest common factor of 164 and 1107?
41
Calculate the greatest common divisor of 4 and 5788.
4
What is the highest common divisor of 253 and 115?
23
What is the greatest common divisor of 21 and 267?
3
What is the highest common divisor of 795 and 477?
159
Calculate the highest common factor of 44 and 726.
22
Calculate the greatest common factor of 60 and 216.
12
Calculate the highest common divisor of 24 and 57.
3
What is the greatest common factor of 12 and 30000?
12
What is the greatest common divisor of 186 and 3?
3
What is the highest common divisor of 105 and 378?
21
What is the highest common factor of 806 and 52?
26
What is the highest common factor of 894 and 1937?
149
Calculate the highest common divisor of 30 and 20715.
15
Calculate the greatest common divisor of 9 and 1251.
9
What is the highest common factor of 13794 and 19?
19
What is the highest common divisor of 230 and 322?
46
What is the greatest common factor of 74400 and 40?
40
What is the highest common divisor of 5 and 2?
1
What is the greatest common factor of 2 and 202?
2
Calculate the greatest common divisor of 168 and 924.
84
What is the highest common divisor of 4 and 152?
4
Calculate the greatest common divisor of 5727 and 276.
69
What is the highest common factor of 13210 and 20?
10
Calculate the highest common factor of 190 and 30.
10
What is the greatest common divisor of 64 and 12?
4
Calculate the greatest common divisor of 4470 and 75.
15
Calculate the highest common factor of 616 and 77.
77
What is the highest common factor of 104 and 3172?
52
What is the greatest common factor of 644 and 14?
14
What is the greatest common divisor of 1172 and 40?
4
Calculate the greatest common divisor of 18 and 306.
18
What is the highest common factor of 776 and 88?
8
Calculate the highest common divisor of 174 and 203.
29
What is the highest common factor of 50 and 1600?
50
Calculate the highest common divisor of 1998 and 37.
37
What is the highest common divisor of 24 and 600?
24
What is the highest common factor of 15 and 1155?
15
Calculate the highest common factor of 231 and 483.
21
Calculate the greatest common factor of 90 and 114.
6
Calculate the greatest common divisor of 48 and 948.
12
What is the highest common divisor of 2970 and 108?
54
What is the greatest common factor of 220 and 528?
44
What is the highest common divisor of 72 and 171?
9
Calculate the highest common factor of 24 and 1048.
8
What is the highest common factor of 72 and 252?
36
What is the greatest common divisor of 1032 and 72?
24
What is the greatest common factor of 2812 and 740?
148
What is the highest common divisor of 96 and 1104?
48
What is the highest common factor of 84 and 17934?
42
What is the greatest common divisor of 370 and 20?
10
What is the highest common divisor of 8 and 6?
2
Calculate the highest common divisor of 63 and 14.
7
What is the highest common divisor of 29 and 1189?
29
What is the highest common factor of 99 and 803?
11
What is the highest common factor of 3700 and 148?
148
What is the greatest common factor of 268 and 3?
1
What is the greatest common factor of 9 and 711?
9
Calculate the highest common divisor of 15 and 39.
3
Calculate the greatest common divisor of 45873 and 54.
27
Calculate the greatest common factor of 204 and 24.
12
Calculate the greatest common divisor of 300 and 14050.
50
What is the highest common factor of 1131 and 39?
39
Calculate the highest common factor of 759 and 99.
33
What is the highest common divisor of 2148 and 12?
12
What is the highest common divisor of 140 and 40?
20
What is the highest common factor of 15 and 1135?
5
What is the greatest common factor of 1269 and 18?
9
Calculate the greatest common divisor of 162 and 252.
18
What is the highest common factor of 338 and 26?
26
What is the highest common divisor of 176 and 64?
16
Calculate the greatest common factor of 1026 and 57.
57
What is the highest common divisor of 1419 and 220?
11
What is the greatest common factor of 2431 and 33?
11
What is the highest common divisor of 632 and 104?
8
What is the greatest common divisor of 216 and 156?
12
Calculate the highest common divisor of 2439 and 4607.
271
Calculate the greatest common divisor of 105 and 861.
21
What is the greatest common divisor of 6279 and 63?
21
What is the greatest common divisor of 26 and 52?
26
What is the highest common factor of 10 and 6910?
10
What is the greatest common factor of 42 and 1029?
21
What is the highest common factor of 49 and 10?
1
What is the greatest common factor of 62 and 25079?
31
What is the greatest common factor of 4584 and 72?
24
Calculate the highest common factor of 46 and 1932.
46
Calculate the greatest common factor of 8 and 16.
8
What is the greatest common factor of 1696 and 106?
106
What is the greatest common factor of 533 and 26?
13
Calculate the highest common factor of 369 and 492.
123
What is the highest common factor of 18 and 75?
3
What is the greatest common factor of 699 and 3?
3
Calculate the greatest common divisor of 26 and 53924.
26
Calculate the highest common factor of 722 and 152.
38
What is the greatest common divisor of 180 and 4590?
90
What is the highest common factor of 9845 and 55?
55
What is the highest common divisor of 234 and 90?
18
Calculate the highest common divisor of 91 and 28.
7
Calculate the greatest common divisor of 754 and 1856.
58
Calculate the greatest common divisor of 142 and 213.
71
What is the greatest common factor of 50 and 250?
50
Calculate the greatest common divisor of 56 and 2296.
56
What is the greatest common factor of 81 and 6?
3
What is the highest common divisor of 35 and 7?
7
Calculate the greatest common divisor of 356 and 4.
4
What is the highest common factor of 150 and 6250?
50
Calculate the greatest common divisor of 81 and 10719.
27
Calculate the highest common divisor of 3 and 3324.
3
What is the greatest common factor of 1728 and 64?
64
Calculate the greatest common divisor of 78 and 8.
2
Calculate the greatest common factor of 84 and 364.
28
Calculate the greatest common divisor of 27416 and 184.
184
Calculate the highest common divisor of 95 and 1425.
95
What is the greatest common divisor of 9110 and 10?
10
What is the greatest common factor of 741 and 57?
57
Calculate the highest common divisor of 66 and 47344.
22
What is the greatest common factor of 4168 and 24?
8
What is the greatest common factor of 4 and 14?
2
Calculate the highest common factor of 77 and 143.
11
Calculate the greatest common divisor of 72 and 30.
6
What is the highest common factor of 79 and 11297?
79
Calculate the highest common divisor of 306 and 144.
18
What is the greatest common factor of 189 and 21?
21
Calculate the highest common divisor of 54 and 72.
18
Calculate the highest common factor of 70 and 30.
10
Calculate the greatest common factor of 760 and 24.
8
Calculate the highest common divisor of 890 and 1958.
178
What is the greatest common divisor of 62 and 372?
62
Calculate the greatest common divisor of 3910 and 115.
115
What is the highest common factor of 8 and 88?
8
Calculate the greatest common divisor of 6 and 1.
1
Calculate the greatest common factor of 405 and 2655.
45
What is the greatest common factor of 104 and 572?
52
What is the greatest common factor of 1251 and 72?
9
What is the highest common factor of 34 and 34?
34
What is the highest common divisor of 55 and 121?
11
What is the greatest common factor of 444 and 3219?
111
Calculate the greatest common divisor of 9042 and 66.
66
What is the greatest com